Let f(n) = 11*q(n) - 6*r(n). Determine f(3).
11
Let n be 14/8 - (-4)/16. Suppose -2*r = n*l - 6, -4*l + 3 + 3 = r. Let q(k) = 2 + 16*k**3 - r + 2*k - 1 - 2*k**2. What is q(1)?
15
Let w be (-42 - -39) + (-32)/(-2). Let y(s) = -s**3 + 14*s**2 - 13*s - 11. Calculate y(w).
-11
Let o = -8/93 - -70/93. Let g(y) be the first derivative of -5 - o*y**3 + 0*y - y**2. Calculate g(-3).
-12
Let u(n) be the second derivative of 0 + 0*n**3 + 2/3*n**4 + 5*n + 1/20*n**5 - 2*n**2. Let j be u(-8). Let z(g) = g**2 + 3*g - 3. What is z(j)?
1
Let c(h) = -4*h**3 - 9*h**2 - 2*h. Let k(z) = 3*z**3 + 8*z**2 + 2*z. Suppose -59 - 79 = 6*y. Let x = y - -27. Let q(f) = x*c(f) + 5*k(f). What is q(3)?
15
Let u = -121 - -117. Let f(v) = 6*v**2 + v. Let n be f(-2). Let x(p) = 0*p - 4*p**2 - n - 4*p + 3*p**2 + 20. Give x(u).
-2
Let y(r) = 3*r**2 - 2*r - 2. Let d be y(2). Let u(a) = -a + 3. Let w(i) = i - 2. Let t(k) = 6*u(k) + 5*w(k). Give t(d).
2
Suppose 27*w = 23*w + 8. Let q be (-22)/(-4) - 2/(-4). Let m(o) = -2*o**2 + q*o**2 + o**w + o - 8*o**2. Give m(-1).
-4
Let l(u) = u**2 + u + 2. Let b(r) = 4*r**2 + 20*r - 3. Let x(c) = -b(c) + 5*l(c). Calculate x(9).
-41
Let w(c) = -c + 16. Suppose -6*y + 20 = -y - 3*q, 5*q + 8 = 2*y. Let a be y - (0 + 0) - 0. Let t be a - -1 - (-3 - -1). What is w(t)?
9
Let h be 1/(4/(-12)*-3). Let s(a) be the second derivative of a**7/1260 + a**6/720 + 5*a**4/12 + 2*a. Let l(r) be the third derivative of s(r). Calculate l(h).
3
Suppose 4*n + 5 = 3*n. Let i be 0 + 24/10 - (-2)/n. Let d(s) = -s**3 + 2*s**2 + s. What is d(i)?
2
Let d(t) = -3*t**3 - t**2 - 6*t - 3. Let x(g) = g**3 + g**2 + g + 1. Let i(c) = -d(c) - 4*x(c). Calculate i(-3).
-7
Let k(i) = i**2 - 1. Let y(x) = -2*x**2 - 9*x + 2. Let p(q) = 3*k(q) + y(q). Give p(9).
-1
Let p(v) = -v**2 + 9*v + 50. Let y be p(13). Let g(c) = -c**2 - 2*c - 3. Give g(y).
-3
Suppose 3*c = 4*a - 195, a + 3*c - 13 - 17 = 0. Let y be (-2)/9 - (2 + 125/a). Let h(x) = -4*x**2 - 4*x**3 + 2*x**3 + 5*x + x**3 + 7. Give h(y).
7
Let p(m) be the second derivative of -1/120*m**6 - 1/8*m**4 + 0 + 1/60*m**5 + 1/3*m**3 - 2*m - 3/2*m**2. Let u(t) be the first derivative of p(t). Give u(2).
-8
Let k(y) = y**2 - 12*y + 10. Let x(q) = -2*q**2 + 23*q - 22. Let a(h) = -7*k(h) - 4*x(h). Calculate a(6).
6
Let x(h) = -h + 5. Let m be x(0). Suppose z + 3*z = -8, m*z = -c - 13. Let q(l) = 3*l - 1. What is q(c)?
-10
Let m(g) = -56*g + 554. Let h be m(10). Let p(t) = t**3 + t. Let y(i) = -6*i**3 - 7*i**2 - 10*i - 5. Let a(b) = 5*p(b) + y(b). Calculate a(h).
-11
Suppose -2*i + 5*k + 32 - 9 = 0, -i + 2*k = -10. Let j(u) be the third derivative of 1/6*u**4 - 1/60*u**5 + 0 + 0*u - 21*u**2 + 1/6*u**3. What is j(i)?
1
Let g(s) = s**2 + s - 4. Let v be g(0). Let k(o) = -15*o**2 - 3*o + 1. Let l(j) = 83*j**2 + 18*j - 5. Let w(r) = -11*k(r) - 2*l(r). What is w(v)?
-5
Let o(j) = -2*j + j**2 + 1 - 3*j**2 + 3*j**2. Let z(n) = -n**2 + 16*n - 41. Let x be z(13). Give o(x).
9
Let i = 3026 + -3033. Let h(s) be the second derivative of s**5/20 + s**4/2 - 7*s**3/6 + 3*s**2/2 + s. Determine h(i).
3
Let q be 7/((0 - -4)/36). Let r(a) = 7*a - 28*a**3 - 2*a**2 + q*a**3 + 1 - 34*a**3 - 5*a**2. Let l be 2/7 + (-40)/(-7). What is r(l)?
7
Let q(f) = f**2 - 8*f + 7. Suppose 8 = 4*s - 4*i, -s - s - 26 = 4*i. Let k be ((-2)/2)/(s/63). Suppose 10 = 2*v - 2*z, 3*z = -3*v + 7*v - k. Give q(v).
-5
Let c(b) be the third derivative of b**5/60 + b**4/2 - 29*b**3/6 + 539*b**2. Give c(-14).
-1
Let h be 6/21 + 2/(-7) + 3. Let o(s) = 3*s - 8 - s**h + 5*s**2 + 5 - 3*s + s. Determine o(5).
2
Let s(g) = -g + 11. Let p be (-10)/25 + (-33)/5. Let q(m) = -2*m + 21. Let o be q(3). Let v = p + o. Determine s(v).
3
Let s(q) = 23 - 23 - 55*q + 42*q. What is s(-4)?
52
Let k(z) = -7*z - 3. Suppose 2*f + 4*b = 6, 2 = -2*f - 5*b + 7. Calculate k(f).
-38
Let d be (-8 - -14)*1*-1. Let r(b) be the third derivative of -b**5/60 - b**4/8 + 4*b**3/3 - 165*b**2 - b. Give r(d).
-10
Suppose -1512 = -455*x - 6*x + 3098. Let c(y) = 0*y - 2*y - 5 + 20. What is c(x)?
-5
Let s(p) = 17 + 16 + 17 + 5148*p - 5143*p. Calculate s(-11).
-5
Let q(b) be the third derivative of b**6/120 - b**5/15 - 7*b**4/24 - 116*b**2. Calculate q(5).
-10
Let y be (5/4)/(1/44). Suppose 3*q = 4*q - 3*l - 21, 5*l = 3*q - y. Suppose 2 = h, 4*s = -s - 5*h + q. Let d(v) = -2*v**2 + v - 1. What is d(s)?
-2
Let i(g) be the second derivative of -g**4/12 + 2*g. Suppose -30 = -3*p - 3*r, -5*r = p + p - 35. Suppose 2*b + 4*x + 4 = x, p*x = -5*b - 5. What is i(b)?
-1
Let w(f) = f**3 - 4*f**2 - f. Suppose -186*k + 191*k - 15 = 0. Determine w(k).
-12
Let v(r) = -r**2 - r - 19. Let f(c) = 2*c**2 + 24. Let w(p) = 3*f(p) + 4*v(p). Calculate w(5).
26
Suppose -5*v - n + 4 = -0*n, -5*v - 8 = -2*n. Suppose v = u + 3*u - 8. Let j(x) = -x**3 + 6*x**2 - 3*x. Give j(u).
10
Suppose 0 = 5*q + 4*v - 2, -3*q - 2*v = -4*v + 12. Let i(d) be the first derivative of 3*d**2/2 - d + 1. Determine i(q).
-7
Let g(a) = 2 - 2 + 2 - 6 + 10*a. Give g(1).
6
Suppose 0 = -q - 5*b, 5*q - 69 = b - 3*b. Let z = 22 - q. Let r(a) = -a**2 + 7*a + 5. Give r(z).
5
Let o(c) be the second derivative of -c**3/2 - 31*c**2/2 + 39*c. Give o(-7).
-10
Let z(t) be the second derivative of t**5/60 - t**4/8 + t**3/2 + 7*t**2/2 + 12*t. Let x(y) be the first derivative of z(y). Calculate x(2).
1
Let h(g) = 3 + 9 + 4*g + 7 - 16. Suppose 3*z = -3*m + 9, 2*z = 7*z + 4*m - 11. Let c = -1 + z. What is h(c)?
-5
Let i(z) = -18*z - 12. Let v(m) = 22*m + 13. Let c(j) = 6*i(j) + 5*v(j). Give c(4).
1
Let k(i) be the second derivative of i**6/120 - i**5/20 - i**4/24 - 2*i**3/3 - 13*i**2 - 13*i. Let n(t) be the first derivative of k(t). Calculate n(3).
-7
Let r(g) = 2*g - 4. Let f be r(4). Let v be 7/(-1) + 11 - (0 - -4). Suppose 2*w = -f*h + 24, 9 = -v*w - 3*w + 3*h. Let s(y) = -3*y + 2. What is s(w)?
-4
Let q(o) = -61*o - o**2 + 28*o - 7 + 25*o. Determine q(-5).
8
Let j(a) = a - 3. Let o(r) = r - 6. Let u be (-10)/(-60) + (-22)/(-12). Let i(q) = 5*q - 4. Let x be i(u). Let m be o(x). Determine j(m).
-3
Suppose -2*i = 5*a - 7*i + 130, 5*a - i = -114. Let u = -7 - a. Let p(m) = 5*m - 9 - 3*m + u. Determine p(-5).
-4
Let x(c) = 1 - 2 + c + 2 - 3. What is x(9)?
7
Let h(u) be the third derivative of -u**6/15 - u**5/30 + u**3/6 + 82*u**2. Determine h(1).
-9
Let t(r) = r - 3. Let c = -126 + 122. Let a be c - (-9 + 3) - 8. Calculate t(a).
-9
Let v(n) = -3*n - 46 - n**3 + n + 32 - 6*n**2 + 21. Let t = 28 - 18. Suppose -2*h + 4*h + t = 0. Give v(h).
-8
Let v(a) be the third derivative of -a**6/120 + a**5/10 - a**4/8 - 2*a**3/3 + 9*a**2 + 31. Calculate v(4).
16
Let r(t) = 3*t + 2. Let b be (-15)/(-10)*(-2 + 4). Let a(q) = 2*q + 1. Let j(x) = b*r(x) - 5*a(x). Calculate j(-4).
5
Let g(a) be the second derivative of -a**4/12 + 11*a**3/6 - 4*a**2 + 4*a + 2. Give g(10).
2
Let l(h) = -4*h**3 + h**2 + h. Let s be (-1)/(-4) - 35/28. Let c = s + 3. Suppose -3*o - 1 = c. What is l(o)?
4
Let r(k) = 3*k + 1. Suppose -m + b + 20 = 6, 4*m - 5*b = 58. Let g = m + -15. Let s = -2 - g. Give r(s).
4
Let s = 2 + 0. Let i be s + 0 + -1 - 1. Let u(v) be the first derivative of -v**4/4 + v**3/3 + v**2/2 - 3*v - 140. Calculate u(i).
-3
Let n(q) be the first derivative of 1/3*q**3 + 4 + 9/2*q**2 - 12*q. Give n(-10).
-2
Let b(w) = -w**3 - 5*w**2 + 10*w + 6. Suppose 4*h = -4*c - 20, 0 = -2*c + 4*h + 16 - 38. What is b(c)?
34
Let j(i) be the first derivative of i**4/4 - i**2 + 3*i - 162. Give j(0).
3
Let y(j) be the first derivative of -3*j**4/4 - j**3/3 + 2*j - 272. What is y(-2)?
22
Let q(j) = j**2 + 9*j - 17. Let g be q(-10). Let b be 4/(-6) + ((-910)/15)/g. Let l(n) = n - 13. Calculate l(b).
-5
Suppose -a - 3*x = 3 - 0, -3*a + 3*x = 9. Let s(d) = -4*d - 4. Calculate s(a).
8
Let y(r) be the first derivative of 4 + 2*r**2 - 2/3*r**3 - 1/12*r**4 + 0*r. Let g(u) be the second derivative of y(u). Give g(-3).
2
Let p(z) be the first derivative of -2*z**3/3 - 5*z**2/2 - 2*z - 318. Suppose f = l + 3*f - 1, -4*l + 4 = 5*f. Let k = l + -4. Determine p(k).
-5
Suppose -4 + 12 = 4*w. Let s(h) = -w*h + 12*h + 2*h - 2 - 15*h + 2*h**2. What is s(3)?
7
Suppose -23 = -5*z + 7. Let g(x) be the first derivative of -x**3/3 + 3*x**2 - 2. Let t be g(z). Let v(s) = -s + 7. Calculate v(t).
7
Suppose 0*m = -3*m + 9. Suppose -m = -5*q - 33. Let x(s) be the thir